rue
Does 1103 divide 18361706?
False
Is 24 a factor of 806669038?
False
Is 88 a factor of 28855640?
True
Does 98 divide 3311324940?
True
Is 265974589 a multiple of 12?
False
Is 23670897 a multiple of 138?
False
Does 7 divide 233630145?
True
Is 33498025 a multiple of 205?
True
Is 1098 a factor of 58790214?
True
Is 676036870 a multiple of 2919?
False
Does 133 divide 122147471?
False
Is 327 a factor of 12523031?
False
Is 265693086 a multiple of 1386?
False
Does 1101 divide 70639059?
True
Is 251648720 a multiple of 20?
True
Is 1126279809 a multiple of 211?
True
Is 7404016662 a multiple of 8361?
True
Is 43 a factor of 99234321?
False
Does 1068 divide 17181984?
True
Is 38 a factor of 53213999?
False
Does 65 divide 11688495?
True
Is 283 a factor of 371142960?
False
Does 12 divide 345459305?
False
Does 2075 divide 2205166934?
False
Does 209 divide 2395089?
False
Is 6887341 a multiple of 625?
False
Is 227826183 a multiple of 12?
False
Is 1858730952 a multiple of 1882?
True
Is 12 a factor of 23055661?
False
Does 9313 divide 2999260963?
True
Is 25 a factor of 53879819?
False
Does 230 divide 103346925?
False
Is 14634683 a multiple of 782?
False
Is 353 a factor of 115339573?
True
Is 42 a factor of 43782596?
False
Is 80 a factor of 111231280?
True
Is 122030939 a multiple of 876?
False
Does 555 divide 71595152?
False
Does 80 divide 21497040?
True
Does 39 divide 42463590?
True
Does 179 divide 7975271?
False
Does 608 divide 609479872?
True
Does 18 divide 1513590944?
False
Is 5292 a factor of 398265336?
True
Is 105 a factor of 229205655?
True
Does 222 divide 958763166?
True
Is 642 a factor of 41308139?
False
Is 36552444 a multiple of 15?
False
Is 265802066 a multiple of 1795?
False
Is 624670629 a multiple of 51?
False
Is 2210834282 a multiple of 3527?
False
Does 149 divide 4414523?
False
Is 36534012 a multiple of 4?
True
Does 77 divide 453750387?
False
Is 72 a factor of 50479873?
False
Is 502716357 a multiple of 99?
True
Does 1501 divide 164674552?
False
Is 109 a factor of 100183341?
False
Is 150 a factor of 60847590?
False
Does 311 divide 98418213?
False
Is 92931459 a multiple of 4?
False
Is 7213550 even?
True
Is 58 a factor of 954352543?
False
Does 531 divide 810587961?
True
Does 434 divide 6835044?
False
Is 124 a factor of 268597392?
True
Is 93 a factor of 93900845?
False
Is 36 a factor of 10241208?
True
Is 121 a factor of 9358745?
True
Is 7095097 a multiple of 616?
False
Is 64 a factor of 31951117?
False
Is 3 a factor of 19030744?
False
Is 35 a factor of 1295404145?
True
Is 3425848418 a multiple of 8018?
False
Does 1007 divide 35237072?
False
Does 30 divide 59701?
False
Does 17 divide 113043694?
False
Is 21 a factor of 214041891?
True
Is 14024749 a multiple of 606?
False
Does 5463 divide 654308?
False
Does 39 divide 3012977250?
False
Does 1253 divide 54634559?
True
Is 3883780547 a multiple of 4536?
False
Is 18702912 a multiple of 148?
False
Is 53 a factor of 53997989?
False
Is 995 a factor of 13804305?
False
Does 283 divide 28453256?
False
Is 156 a factor of 2273787591?
False
Is 56 a factor of 200557616?
True
Is 4 a factor of 15912696?
True
Is 1302688756 a multiple of 6?
False
Is 191 a factor of 55559942?
False
Is 231247954 a multiple of 67?
True
Is 32 a factor of 5013652237?
False
Is 43 a factor of 57138845?
False
Is 677 a factor of 109030173?
True
Does 696 divide 90462166?
False
Is 54010801 a multiple of 45?
False
Is 1448 a factor of 56126546?
False
Is 8035041 a multiple of 69?
False
Does 478 divide 14976218?
True
Is 3 a factor of 448352631?
True
Is 48485672 a multiple of 2?
True
Is 113 a factor of 96244134?
True
Does 200 divide 32027253?
False
Does 891 divide 191112266?
False
Is 2 a factor of 105744296?
True
Is 23347373 a multiple of 960?
False
Is 3706298 a multiple of 16?
False
Is 73096001 a multiple of 43?
True
Is 56725590 a multiple of 3435?
True
Is 172165750 a multiple of 5?
True
Does 177 divide 3645554?
False
Is 13498433 a multiple of 987?
False
Does 8 divide 37536281?
False
Is 196078 a multiple of 73?
True
Does 7 divide 11980962?
True
Is 13 a factor of 29647774?
True
Is 9788274 a multiple of 79?
False
Does 162 divide 20083051?
False
Does 67 divide 196490314?
False
Does 31 divide 1357657?
False
Is 28399942 a multiple of 1374?
False
Is 3773542038 a multiple of 8265?
False
Is 1105 a factor of 47722740?
True
Does 71 divide 112689496?
True
Is 2303 a factor of 2065791?
True
Is 86 a factor of 2447990?
True
Does 147 divide 123883429?
False
Is 24570586 a multiple of 89?
True
Does 10 divide 127083794?
False
Is 12407111 a multiple of 8?
False
Is 614317875 a multiple of 5?
True
Is 6578 a factor of 178053978?
False
Is 640408447 a multiple of 7?
True
Is 29454688 a multiple of 118?
True
Is 17068040 a multiple of 40?
True
Does 355 divide 39904105?
False
Is 327279612 a multiple of 1034?
True
Is 16 a factor of 35653551?
False
Is 135 a factor of 270773820?
True
Is 537319900 a multiple of 134?
True
Is 154424320 a multiple of 1159?
False
Is 86617125 a multiple of 153?
True
Does 739 divide 47245672?
False
Does 3 divide 335511821?
False
Is 161109549 a multiple of 468?
False
Does 8 divide 95318184?
True
Is 5 a factor of 2463683?
False
Does 255 divide 285365757?
False
Does 65 divide 957758982?
False
Is 10 a factor of 153535680?
True
Is 82 a factor of 8043213962?
False
Does 1895 divide 585708961?
False
Is 11637186 a multiple of 110?
False
Is 114 a factor of 6727131?
False
Is 2276 a factor of 28284234?
False
Is 1286500550 a multiple of 147?
False
Is 39 a factor of 1052985142?
False
Is 18667578 a multiple of 32?
False
Is 499 a factor of 77326038?
True
Does 675 divide 5798797?
False
Is 32 a factor of 3268384?
True
Does 38 divide 100893298?
False
Does 133 divide 43525580?
True
Is 32359708 a multiple of 14?
False
Is 428 a factor of 1152406?
False
Is 22435813 a multiple of 382?
False
Is 12 a factor of 3203650788?
True
Is 725030215 a multiple of 49?
True
Is 1598169258 a multiple of 1722?
True
Is 19906911 a multiple of 9?
True
Is 3335868837 a multiple of 59?
False
Is 4 a factor of 783185910?
False
Is 77 a factor of 106535790?
False
Does 4227 divide 290050646?
False
Does 12 divide 234895924?
False
Is 76 a factor of 2158903838?
False
Is 2236 a factor of 982871812?
True
Is 10 a factor of 1011811320?
True
Does 501 divide 535881624?
True
Is 281 a factor of 1825563146?
True
Is 1896010077 a multiple of 704?
False
Is 1044 a factor of 4031367800?
False
Does 19 divide 112038972?
True
Is 2065080265 a multiple of 86?
False
Does 4565 divide 194076410?
True
Is 216181700 a multiple of 3710?
True
Does 639 divide 11824695?
True
Is 227905494 a multiple of 1399?
True
Is 27201653 a multiple of 25?
False
Is 199 a factor of 826107705?
True
Is 12463894 a multiple of 10?
False
Is 689062676 a multiple of 133?
False
Is 2719149330 a multiple of 870?
True
Is 58 a factor of 33084972?
False
Does 9527 divide 779560828?
False
Is 59467400 a multiple of 25?
True
Is 12 a factor of 17768484?
True
Is 167528597 a multiple of 137?
False
Does 23 divide 125981902?
True
Does 599 divide 31132426?
True
Is 5 a factor of 26997838?
False
Does 14 divide 269445771?
False
Does 43 divide 13445799?
True
Does 6 divide 1346378?
False
Does 164 divide 30084652?
True
Does 116 divide 2572744164?
True
Does 24 divide 4354347965?
False
Does 5 divide 13298854?
False
Is 12 a factor of 451430964?
True
Does 28 divide 5469111215?
False
Is 17 a factor of 4236566?
False
Is 72 a factor of 6965324?
False
Is 418134846 a multiple of 1006?
True
Does 570 divide 266716?
False
Is 1508 a factor of 28040022?
False
Is 89 a factor of 3638336376?
True
Is 285693534 a multiple of 8694?
True
Does 7 divide 29381023?
True
Does 3474 divide 216232324?
False
Is 52876731 a multiple of 10?
False
Is 237278834 a multiple of 30?
False
Is 5 a factor of 171192270?
True
Is 3876705 a multiple of 315?
True
Is 24 a factor of 3723099?
False
Is 45 a factor of 1245637035?
True
Is 1573408955 a multiple of 23?
True
Does 34 divide 276158693?
False
Does 235 divide 707808692?
False
Is 1737 a factor of 281963736?
True
Is 833 a factor of 925841727?
False
Is 43 a factor of 3368877?
False
Is 10 a factor of 6852886?
False
Is 122407060 a multiple of 15?
False
Does 1303 divide 35303478?
False
Does 235 divide 281263388?
False
Is 554 a factor of 21014686?
False
Is 8889347 a multiple of 61?
T